/6 - d**2/2 - 4*d. Let g be p(2). Let n = g - -23. What is the greatest common factor of n and 4?
4
Let r(t) be the third derivative of t**5/60 + 7*t**4/24 - 6*t**3 + 2*t**2 - 24*t. Let m be r(-11). Calculate the highest common factor of 16 and m.
8
Let a(h) be the second derivative of -2*h**3/3 + 9*h**2/2 + 17*h. Let d be a(14). Let j = 53 + d. Calculate the greatest common divisor of j and 6.
6
Suppose -2*w = -7*w + 60. Let n be (w/(-6)*-55)/2. What is the highest common divisor of 22 and n?
11
Let t = 3782 + -3703. Calculate the greatest common divisor of 1817 and t.
79
Let w(v) = v**3 + v + 2. Let a be w(0). Let r(d) = -30*d - 23*d**2 - 2 + 7*d + 21*d**2 - 3. Let f be r(-11). Calculate the highest common factor of a and f.
2
Let m be (-3)/3*-3*7. Let d(h) = 5*h**2 + 76*h + 21. Let j be d(-18). What is the highest common divisor of m and j?
21
Let r be ((-280)/80 + (-1)/(-2))*-130. What is the greatest common divisor of 6110 and r?
130
Let b = -3315 + 3366. Calculate the greatest common factor of 2329 and b.
17
Let v be 2/(2/3) + -1. Suppose 3*i - 176 = v*i. Suppose -7599*b + 7569*b + 480 = 0. What is the highest common divisor of i and b?
16
Let i(d) = 2*d**2 + 171*d - 1175. Let y be i(-93). Calculate the greatest common factor of 620 and y.
20
Let k(m) = -2*m**2 - 1. Let d(x) = -11*x**2 + 8*x + 33. Let p(o) = d(o) - 6*k(o). Let v be p(-8). What is the highest common factor of 6 and v?
3
Suppose -227*f = 5*m - 229*f - 21568, 17246 = 4*m - 3*f. What is the greatest common divisor of m and 104?
52
Suppose -3*y + 2*y = 3. Let j be -42*(3 + y + -1). Let n be (16 - 6/(-3))/((-14)/(-49)). Calculate the highest common divisor of n and j.
21
Let s = -9326 - -9677. What is the highest common divisor of 143 and s?
13
Let r(k) = k**2 + 617*k - 24670. Let p be r(38). Let u = 36 + 8. Calculate the greatest common divisor of p and u.
44
Let z = 229 + -226. Let m be ((-8)/(-24))/((-1)/(-60))*z. Suppose 3*u - 82 = 8. What is the highest common factor of u and m?
30
Let v(x) = -16*x - 155. Let o be v(-10). Suppose -y - 2*n = -22, -15 - 28 = -2*y - o*n. What is the greatest common divisor of y and 12?
12
Suppose -3*q + 1848 = -3*l, 4*q - 787 = 5*l + 1681. Calculate the greatest common factor of q and 54.
18
Let w = 3305 - 3292. Calculate the highest common factor of w and 2171.
13
Let w = -446 + 194. Let c be (6 + w/27)*(-54)/5. Calculate the greatest common factor of 468 and c.
36
Suppose 60*m = -17*m + 1078. Suppose -10 = -5*o - 0*o. Let w be (-696)/(-10) - o/(-5). Calculate the highest common factor of m and w.
14
Let s = 3439 + -1700. Let o = s - 875. Calculate the greatest common factor of 12 and o.
12
Let c be -70*(-180)/8 + -2. What is the highest common divisor of c and 2431?
143
Suppose -592 = -28*n - 88. Calculate the greatest common factor of 18 and n.
18
Let m = 18741 + -17989. Calculate the highest common factor of 8 and m.
8
Suppose 3*i + 0*i - 966 = 0. Suppose 3*x - 114 = -21*l + 26*l, 2*l + 12 = 0. What is the highest common factor of i and x?
14
Let x = -186 - -190. Suppose 391 = n + x*i, 1585 = 15*n - 11*n - 5*i. Calculate the highest common divisor of 158 and n.
79
Suppose 7*w - 77 = -4*w. Suppose -3 = -w*n + 4. Let c be n/3 + -1 + 190/15. Calculate the greatest common factor of 120 and c.
12
Let f = -20 + 48. Suppose 0 = 5*z - 187 - f. Let b = z + -7. What is the highest common factor of b and 24?
12
Let d be (-27)/(-3)*(34 - 9). Let y be (-12)/15*d/(-10). Let c(z) = z**3 + z**2 + 2*z + 18. Let v be c(0). What is the greatest common divisor of y and v?
18
Let r(w) = -33*w + 27. Let h be r(-10). What is the greatest common divisor of 68 and h?
17
Let f be 16 + -7 - 15/(-10 - -5). Calculate the highest common divisor of f and 363.
3
Let d be (-2)/7 + (-382)/(-14). Suppose 14 = 2*h, 3*h + 25153 = 2*q + 23932. Calculate the highest common factor of q and d.
27
Suppose 0 = -5*a + 5 - 10. Let t be (620/(-8))/(a/2). Calculate the greatest common factor of 5 and t.
5
Let v = -311 + 395. Suppose -v*h + 94*h - 280 = 0. Calculate the highest common divisor of h and 84.
28
Let g(n) = n**3 - 24*n**2 - 15*n. Let k(w) = -w**2 + 1. Let x(s) = g(s) - 6*k(s). Let m be x(19). Calculate the greatest common factor of m and 10.
10
Let l(o) = o**3 - 9*o**2 - 54*o + 29. Let w be l(13). Suppose f + 2*x - 523 = 0, w*f + x - 1614 = 4*x. Calculate the greatest common factor of 41 and f.
41
Let c(n) = n**2 - 6*n + 9. Let w be c(5). Let s = 183 - 109. Suppose -4*a + 30 = 4*d - 62, -3*d - w*a = -s. What is the greatest common divisor of 36 and d?
18
Let g be 7 + ((-2)/9 - 172/36). Suppose 0 = g*m + 2, -m - 4*m + 140 = 5*z. Let k be 582/4 - 5/10. Calculate the greatest common divisor of k and z.
29
Suppose -x + 2*i - 7 = -5, -3*x = -4*i. Suppose x*r - r - 4*g - 74 = 0, 0 = -3*r + g + 68. Calculate the highest common factor of 33 and r.
11
Suppose 4*x = 3*g + 719, 1187 = -2*g - 3*g + x. Let z be g/(-33) - 4/22. Suppose -1817 = 9*a - 52*a + 892. Calculate the highest common factor of z and a.
7
Let b be (-1288)/(-49) - (-104)/(-364). Let p be 6924/28 + (-4)/14. What is the highest common divisor of b and p?
13
Let p be ((-2)/8*2)/((-57)/(-228)). Let k be (50 + -4 + -5)/(p/(-4)). What is the greatest common divisor of k and 287?
41
Let x = -261 - -264. Let h be x/(11/(-63) - (-16)/56). What is the highest common factor of h and 297?
27
Suppose -g + 622 - 114 = 5*w, 0 = 4*w + 5*g - 398. What is the highest common factor of 3417 and w?
51
Suppose -22 - 3 = -5*z. Let w be 27 + 15/z*1. Let k(c) = c**3 + 9*c**2 - 6*c + 10. Let v be k(-7). Calculate the highest common factor of w and v.
30
Suppose -2146 = -36*r + 5306. Let z(b) = b**3 + 10*b**2 + 10*b + 8. Let p be z(-6). Calculate the highest common factor of p and r.
23
Let h(s) be the second derivative of -13*s**3/6 - 41*s**2/2 - 2*s - 6. Let d be h(-6). Calculate the greatest common divisor of d and 333.
37
Let u(s) be the third derivative of s**5/30 - s**4 - 11*s**3 - 3*s**2 - 17. Let q be u(17). What is the highest common divisor of 8 and q?
8
Suppose 13*t - 1755 = -26*t - 0*t. What is the highest common divisor of t and 297?
9
Let r be (((-18)/63)/((-21)/(-392)))/((-6)/135). Calculate the highest common divisor of 1725 and r.
15
Let a = 40 - 141. Let w = -91 - a. What is the highest common factor of 270 and w?
10
Let q be 1 - ((7 - 2) + -17). What is the highest common divisor of 1690 and q?
13
Suppose 0 + 24 = r. Let g be (-18)/r - (-247)/4. Suppose 58*v = g*v - 3. What is the highest common factor of v and 9?
1
Suppose 0 = 3*k - 5 - 7. Suppose k*c = w - 361, -c + 4*w - 443 = 4*c. Let o = c - -101. What is the greatest common divisor of o and 1?
1
Let q = -24 - -817. Calculate the highest common factor of q and 671.
61
Let g = 53 + -74. Let y = g - -24. Suppose -y*b - 13 = -73. Calculate the greatest common divisor of b and 180.
20
Let x = -6991 + 7021. Calculate the greatest common factor of 1368 and x.
6
Suppose -5*w + 147 = -233. Let j = -1222 - -1336. Calculate the greatest common divisor of j and w.
38
Suppose -2*b - 108 = -v, -59*v + 5*b = -62*v + 412. Let y(j) = -j**2 + j + 93. Let f be y(0). Calculate the highest common divisor of v and f.
31
Let a(x) = 5*x - 53. Let i(k) = k**2 - 4*k + 8. Let o be i(5). Let f be a(o). What is the greatest common factor of f and 192?
12
Let d = 339 - 336. Let n be (-2)/(-8) + ((-387)/(-12))/d. What is the greatest common divisor of n and 275?
11
Suppose 0 = -3*j - 2*n + 88, -j = 86*n - 82*n - 26. Calculate the highest common divisor of j and 24.
6
Suppose -536*q + 91*q + 262*q = -549. Let p(k) = -2*k - 7. Let z be p(-7). What is the greatest common divisor of q and z?
1
Let w = -9274 - -9436. What is the highest common factor of 72 and w?
18
Suppose 49*j = 43*j + 96. Suppose -j = -5*s + 4*q - 2*q, 2*s = 4*q + 16. Calculate the highest common factor of s and 22.
2
Suppose -278*c + 66 = -267*c. Suppose z = -0*z + 32. Let s be z/7 + 24/(-42). Calculate the highest common divisor of s and c.
2
Let m(g) = -g + 18. Let y be m(11). Let k = 275 + -261. Calculate the highest common factor of k and y.
7
Suppose -2 = 2*s - 36. Let l = 6719 - 6294. Calculate the highest common factor of l and s.
17
Suppose 0 = -26*b + 1786 - 668. Suppose 3*j + 512 = 2204. Let n = j + -392. Calculate th